s the units digit of j?
3
Let u = 30 + -8. Let a = 37 - u. What is the units digit of -1*5/(a/(-12))?
4
Let d(n) = -64*n + 1. What is the units digit of d(-1)?
5
What is the tens digit of 21*(1*2)/(10/15)?
6
Let p = 46 + -27. What is the units digit of p?
9
Let u(z) = z + 2. Let k be u(2). Suppose 2 = b, k*t - 5*b = -3 - 3. Suppose 8 = 2*f + r - t, -2*f + 29 = 5*r. What is the units digit of f?
2
Suppose -62 + 27 = 5*m. What is the units digit of (-6)/(-21) + (-180)/m?
6
Suppose 200 = -5*c - 3*d, 5*c + 0*d + 4*d = -200. Let o = 66 + c. What is the units digit of o?
6
Let t = -11 + 7. Let b(q) = -4*q - 1. Let i(c) = -c. Let p(v) = b(v) - 3*i(v). What is the units digit of p(t)?
3
Let n(v) = 79*v - 7. Let p be n(3). Suppose -t + 6*t - p = 0. What is the units digit of t?
6
Let p = -3 - -3. Suppose p*d - 12 = -d. What is the units digit of d?
2
Suppose -2*d + 0 = -6. Let a be (-14)/(-2) + (d - 4). Let j = -1 + a. What is the units digit of j?
5
Suppose 0 = 5*d + 3*h - 863, -2*d - h - 56 = -402. What is the units digit of d?
5
Let m = -3 + 5. Suppose 0 = m*s + 4, 2*s = -n + 6*s - 7. Let q = 32 + n. What is the tens digit of q?
1
Let u = 8 + 28. What is the units digit of u?
6
Let s = 9 - -108. Let a be s/(-6)*(-4)/(-6). Let c(f) = -2*f - 14. What is the units digit of c(a)?
2
Let m = -6 - -8. Let s be 0 + (m - 0) - 14. Let v = -3 - s. What is the units digit of v?
9
Suppose 3*r - 28 = 5*o, -4*o - 34 = -4*r + o. Suppose -z = 2*z + r. What is the units digit of -4*(0 - -2)/z?
4
Let i(y) = y**3. Let t(d) = 6*d**3 + 2*d**2 + d + 1. Let q(j) = 4*i(j) - t(j). What is the units digit of q(-2)?
9
What is the tens digit of 4/8 - 162/(-4)?
4
Let c(x) = 8*x**3 + 9*x**2 - 7*x - 1. Let q(l) = -7*l**3 - 9*l**2 + 6*l + 1. Let n(z) = 6*c(z) + 7*q(z). Suppose -5*w = 46 - 1. What is the units digit of n(w)?
1
Let b(j) = j**3 + 8*j**2 - 8*j + 12. Let w be b(-9). Suppose w*p = -6 + 21. What is the units digit of p?
5
Let f = 59 + -21. What is the tens digit of f?
3
Let l = 446 + -306. What is the hundreds digit of l?
1
Suppose -2*k - 119 = -5*k + 4*x, 5*x = 4*k - 160. What is the units digit of k?
5
Suppose 3*r = -3*m + 12, -5*r = m - 20 - 4. Suppose -2 = -2*c - 5*q - 10, -1 = 5*c + 3*q. What is the units digit of c + m + 6 + 1?
7
Suppose 2*p + 2*d = -4, d = -2*p + 5*p - 10. Let x be (1 + -3)*(-29)/p. Let n = x + -21. What is the units digit of n?
8
Let w(s) = -3*s + 13. Let a be w(-9). Let r = a - 27. What is the units digit of r?
3
Suppose 0*z = -3*z + 78. What is the units digit of 585/z + 2/4?
3
Let j(w) = -w**2 - 5*w + 1. Let m be j(-4). Suppose 5*r - 2*b = -12, -4*r + r = b + m. What is the units digit of 4 + 3/3 + r?
3
Let w(r) = 5 + 5 + 3*r - 5 + r**2. Let i be w(-5). Suppose 2*v = -3*g + 25, 0*g - i = g - 4*v. What is the units digit of g?
5
Let c(t) = 2*t - 6. Let k be c(5). Let u be k + -2 + 0 + 21. Suppose -s - u = -2*h, 3*h - 3*s + 13 = 46. What is the units digit of h?
2
Let o(g) = -g**3 + g + 2. What is the units digit of o(0)?
2
Let y(j) = -15*j + 2. What is the tens digit of y(-1)?
1
Let i be (-1 + 7)*1/2. What is the units digit of ((-3)/(-9))/(i/9)?
1
Let j = 19 + -8. Let z(c) = 2 + 15*c - c**2 + 2 - 3*c - 3. What is the tens digit of z(j)?
1
Suppose t - 875 = -4*t. Suppose -t = 3*h - 8*h. What is the tens digit of h?
3
Suppose -5*p + 135 = -4*p. Suppose -8*k + 3*k + p = 0. What is the tens digit of k?
2
Let w be (-1)/2 + 21/6. Suppose 0 = -5*j - 5*a + 55, -5*j + 8*a + 65 = w*a. What is the units digit of j?
2
Suppose -k + 0 = -4. Suppose -h + 5*y + 14 = k, -3*y = -4*h + 74. What is the tens digit of h?
2
Suppose y + 4 = -3*k - 0, k = 2*y - 13. Let q be 1/((6/(-10))/k). Suppose -3 = -2*u + u - v, -q*u + 4*v + 15 = 0. What is the units digit of u?
3
Let f = 0 + 3. Suppose 3*b = 6*b - 3*i - f, -4*i = b - 26. What is the units digit of b?
6
Suppose 0 = 4*w + 3*l - 128, -62 = -5*w + 5*l + 63. What is the tens digit of w?
2
Suppose -5*r = -0*r - 45. Suppose 5*t - 14 = 4*v, r*t + 3*v - 7 = 4*t. Suppose -19 = -w + 3*p, -3*w + 5*p + 75 = t*w. What is the tens digit of w?
1
Let a = -53 - -117. What is the tens digit of a?
6
Let t = 1 - -1. Suppose -g + 2 = g. Suppose -t*m + 1 + g = 0. What is the units digit of m?
1
Let v be -2 + (-2 - -62) - 1. Suppose 5*c - 3*u - v = 0, 2 + 3 = 5*u. What is the tens digit of c?
1
What is the hundreds digit of 3 + -232*2/(-4)?
1
Suppose -7*g + 8*g = -33. What is the tens digit of 24*(g/(-9) + -3)?
1
Let f = -176 - -250. What is the units digit of f?
4
Let m(c) be the first derivative of c**3/3 - 3*c**2/2 + c - 1. Let j be m(4). Suppose 0 = -4*i - 4*o + 28 - 4, i + j*o = 2. What is the units digit of i?
7
Suppose 0 = 3*d + 24 + 12. Let j = d - -15. What is the units digit of j?
3
Let o(z) be the second derivative of -z**3 - 17*z**2/2 - z. What is the units digit of o(-8)?
1
Let b = -29 + 18. Let f = b + 16. What is the units digit of f?
5
Let g(c) = c**3 + 8*c**2 + 10*c + 7. Let j be g(-6). Let f = j - 10. Let i = -5 + f. What is the units digit of i?
4
Let q = 0 - -3. Suppose 0*t + 48 = q*t. What is the units digit of t?
6
Suppose -140 = -5*o - 5*k, 3*o - 146 = -2*o - 2*k. What is the units digit of o?
0
Let w(s) = s**2 + 4*s + 1. Let q be w(-3). What is the units digit of (q/5)/((-7)/105)?
6
Suppose 0 = i - 2*i + 8. Let a = i - -2. What is the tens digit of a?
1
Let l(u) = -u - 9. Let k be l(-9). Let c(p) = 3 - 2*p + k*p + p. What is the units digit of c(-5)?
8
Let s(a) = 2*a**2 + a - 1. Suppose 2*j + 0 = 2. Let b be 5/(-2) + j/2. What is the units digit of s(b)?
5
What is the units digit of (-4 - -6) + (-2)/2?
1
What is the tens digit of (-3 - -16 - -1) + 0?
1
Let d(f) = -5*f - 1. Let c be d(-2). Let m be (12/c)/((-1)/12). Let v = -8 - m. What is the units digit of v?
8
Suppose -11*g = -12*g + 61. What is the units digit of g?
1
Let f(p) = -p - 6 + 7 + 1. What is the units digit of f(-2)?
4
Let o be (6/4)/(3/10). Let x = o + -3. What is the units digit of x?
2
Suppose 0 = 2*h - 4*r - 22, 2*r - 1 = -2*h - h. Let j(g) = g**3 - 4*g**2 - 5*g + 2. Let v be j(5). Suppose -h*t - v*t = -10. What is the units digit of t?
2
Let z(l) = -l**2 + 10*l - 12. Let t be z(8). Suppose 0 = -t*y + 51 + 5. What is the units digit of y?
4
Let d = 3 - 3. Suppose 8 = 2*u - d*u + 2*l, -2*u + 8 = -4*l. What is the units digit of u?
4
Let f(o) = -2*o**2 - 23*o + 24. Let u(l) = -l**2 - 11*l + 12. Let d(x) = 4*f(x) - 9*u(x). What is the units digit of d(-9)?
6
Let t(y) = -y**3 - 8*y**2 + 2*y + 7. What is the hundreds digit of t(-10)?
1
Suppose 0 = 8*f - 1071 + 23. What is the hundreds digit of f?
1
Suppose 2*y - 17 = y. Let q = -12 + 4. Let j = q + y. What is the units digit of j?
9
Let s = -3 + 3. Let k(h) = -h**2 + 6*h + 5. Let j be k(5). Suppose j = -s*a + 5*a. What is the units digit of a?
2
Let l = 120 + -41. What is the tens digit of l?
7
Let v(k) = 38*k**3 + 14*k + k**2 - 14*k. Let b be v(1). Suppose -3*l + x + b = 0, -3*l + 41 - 8 = -3*x. What is the tens digit of l?
1
Suppose 0 = -b + 2, u - 4*b + 29 - 7 = 0. What is the units digit of ((-24)/2)/(u/21)?
8
Let z(j) = 2*j. Let m be z(1). Suppose l + 4 = m*l. What is the units digit of l?
4
Let j = 40 + -28. Let w be (-278)/j - (-4)/24. Let f = w - -33. What is the tens digit of f?
1
Suppose 0 = t + 3*t + c - 161, 2*c - 122 = -3*t. What is the units digit of t?
0
Let g(r) = 1 - 1 - 7*r + 3 + r**2. Let s be g(7). Suppose 2*v + 4 = s*v. What is the units digit of v?
4
Suppose 0*y = -5*y + 25. Let a be (-2)/5 + 22/y. Suppose 0 = 4*d - b - 34, 3*b - 1 = d - a. What is the units digit of d?
9
Suppose 4*f - 3*j = 59, j = 5*f - j - 65. Let a = f - 6. What is the units digit of a?
5
Let s(f) = f**3 - 8*f**2 - 9*f + 2. Let p be s(9). Let b = 5 - p. Suppose -1 = -2*c + b. What is the units digit of c?
2
Suppose 0*g - g = -p - 27, 0 = 5*g + 2*p - 156. What is the units digit of (-74)/g*-3*5?
7
Suppose 3*b + w = -4*w + 50, -4*b = 3*w - 74. Let i = -1 + b. Let x = i - 11. What is the units digit of x?
8
Let t = -1 + 3. Suppose 17 = t*c - 27. What is the tens digit of c?
2
Let s = 13 + 1. What is the tens digit of s?
1
Let m = 5 + -3. Let f be (-24)/15 - m/5. What is the units digit of 1 - (-7 + (-4)/f)?
6
What is the hundreds digit of 9/21*277 + (-4)/(-14)?
1
Let a(v) = -v**3 + 8*v**2 + 2*v**3 - 4 - 2*